{"id":44,"date":"2023-08-11T11:13:49","date_gmt":"2023-08-11T09:13:49","guid":{"rendered":"https:\/\/mediationdev.eveha.fr\/?page_id=44"},"modified":"2025-12-10T17:14:12","modified_gmt":"2025-12-10T16:14:12","slug":"scenographie","status":"publish","type":"page","link":"https:\/\/mediation.eveha.fr\/index.php\/scenographie\/","title":{"rendered":"Nos valorisations"},"content":{"rendered":"\n<p class=\"has-text-align-center has-small-font-size wp-block-paragraph\">Au terme des recherches men\u00e9es sur les chantiers de fouilles pr\u00e9ventives ou sur des sites historiques, nous intervenons pour <strong>valoriser le patrimoine en proposant des solutions temporaires ou durables,<\/strong> adapt\u00e9es \u00e0 l&rsquo;environnement local.<\/p>\n\n\n\n<div style=\"height:45px\" aria-hidden=\"true\" class=\"wp-block-spacer\"><\/div>\n\n\n\n<div class=\"wp-block-columns is-layout-flex wp-container-core-columns-is-layout-2d718be0 wp-block-columns-is-layout-flex\" style=\"margin-top:0;margin-bottom:0;padding-top:0;padding-bottom:0\">\n<div class=\"wp-block-column is-layout-flow wp-container-core-column-is-layout-39e5963a wp-block-column-is-layout-flow\" style=\"padding-top:0;padding-right:0;padding-bottom:0;padding-left:0\">\n<div class=\"wp-block-columns is-layout-flex wp-container-core-columns-is-layout-b91472e3 wp-block-columns-is-layout-flex\">\n<div class=\"wp-block-column is-layout-flow wp-container-core-column-is-layout-4f8c90bc wp-block-column-is-layout-flow\" style=\"padding-top:0;padding-bottom:0\">\n<h3 class=\"wp-block-heading\"><strong>Le montage d&rsquo;expositions temporaires et l&rsquo;accompagnement des mus\u00e9es<\/strong><\/h3>\n\n\n\n<p class=\"has-small-font-size wp-block-paragraph\">Nous <strong>collaborons avec les mus\u00e9es pour monter des expositions<\/strong> en proposant des solutions de valorisation (vid\u00e9o, restitutions, modules de m\u00e9diation, textes vulgaris\u00e9s, etc.). En l&rsquo;absence de structure mus\u00e9ographique, nous pouvons \u00e9galement monter<strong> des expositions temporaires <\/strong>pour pr\u00e9senter les r\u00e9sultats des recherches arch\u00e9ologiques.<\/p>\n\n\n\n<p class=\"wp-block-paragraph\"><strong>Quelques exemples :<\/strong><\/p>\n\n\n\n<ul class=\"wp-block-list is-style-default has-small-font-size\">\n<li>Mus\u00e9e d&rsquo;Aquitaine (33)<\/li>\n\n\n\n<li>Mus\u00e9e Bargoin (63)<\/li>\n\n\n\n<li>Mus\u00e9e d&rsquo;Aoste (38)<\/li>\n\n\n\n<li>Mairie de M\u00e9n\u00e9ac (56)<\/li>\n<\/ul>\n<\/div>\n\n\n\n<div class=\"wp-block-column is-layout-flow wp-container-core-column-is-layout-e19e771a wp-block-column-is-layout-flow\" style=\"padding-right:0;padding-left:0\">\n<h3 class=\"wp-block-heading\"><strong>Les sentiers d&rsquo;interpr\u00e9tation et les valorisations de sites<\/strong><\/h3>\n\n\n\n<p class=\"has-small-font-size wp-block-paragraph\">En collaboration avec d&rsquo;autres structures de sc\u00e9nographie de site, <strong>nous apportons notre expertise scientifique et notre savoir-faire en vulgarisation arch\u00e9ologique pour la valorisation de sites historiques.<\/strong> Nous r\u00e9alisons \u00e9galement directement les contenus de valorisation tels que <strong>les sentiers d&rsquo;interpr\u00e9tation, les livrets de visite et les mod\u00e9lisations 3D d&rsquo;espaces patrimoniaux.<\/strong><\/p>\n\n\n\n<p class=\"wp-block-paragraph\"><strong>Quelques exemples :<\/strong><\/p>\n\n\n\n<ul class=\"wp-block-list has-small-font-size\">\n<li>Site des Tours de Merle (19)<\/li>\n\n\n\n<li>Site des Tours de Carbonni\u00e8res (19)<\/li>\n\n\n\n<li>Site des Tours Mirandes (86) avec Maz\u00e9dia<\/li>\n\n\n\n<li>Site des grottes de Gargas (65) avec Teloa<\/li>\n<\/ul>\n<\/div>\n<\/div>\n<\/div>\n<\/div>\n\n\n\n<div style=\"height:45px\" aria-hidden=\"true\" class=\"wp-block-spacer\"><\/div>\n\n\n\n<figure class=\"wp-block-gallery has-nested-images columns-default is-cropped wp-block-gallery-1 is-layout-flex wp-block-gallery-is-layout-flex\">\n<figure class=\"wp-block-image size-full\"><img loading=\"lazy\" decoding=\"async\" width=\"960\" height=\"960\" data-id=\"2349\" src=\"https:\/\/mediation.eveha.fr\/wp-content\/uploads\/2024\/03\/Villneuve-sur-Lot_expo_2023.resized.jpg\" alt=\"expo eac passculture eveha\" class=\"wp-image-2349\"\/><\/figure>\n\n\n\n<figure class=\"wp-block-image size-full\"><img loading=\"lazy\" decoding=\"async\" width=\"1280\" height=\"960\" data-id=\"2350\" src=\"https:\/\/mediation.eveha.fr\/wp-content\/uploads\/2024\/03\/panneau-sentier-interpretation1.resized.jpg\" alt=\"eveha mediation passculture\" class=\"wp-image-2350\"\/><\/figure>\n\n\n\n<figure class=\"wp-block-image size-full\"><img loading=\"lazy\" decoding=\"async\" width=\"1280\" height=\"850\" data-id=\"2352\" src=\"https:\/\/mediation.eveha.fr\/wp-content\/uploads\/2024\/03\/MUR_9960.resized.jpg\" alt=\"eac mediation passculture eveha archeologie \" class=\"wp-image-2352\"\/><\/figure>\n\n\n\n<figure class=\"wp-block-image size-full\"><img loading=\"lazy\" decoding=\"async\" width=\"1280\" height=\"850\" data-id=\"2353\" src=\"https:\/\/mediation.eveha.fr\/wp-content\/uploads\/2024\/03\/DSC_0031.resized.jpg\" alt=\"vid\u00e9o medition eveha archeologie\" class=\"wp-image-2353\"\/><\/figure>\n\n\n\n<figure class=\"wp-block-image size-full\"><img loading=\"lazy\" decoding=\"async\" width=\"1280\" height=\"850\" data-id=\"2351\" src=\"https:\/\/mediation.eveha.fr\/wp-content\/uploads\/2024\/03\/DSC_0023.resized.jpg\" alt=\"eveha mediation archeologie film video \" class=\"wp-image-2351\"\/><\/figure>\n\n\n\n<figure class=\"wp-block-image size-full\"><img loading=\"lazy\" decoding=\"async\" width=\"2472\" height=\"2620\" data-id=\"2358\" src=\"https:\/\/mediation.eveha.fr\/wp-content\/uploads\/2024\/03\/unnamed-2.jpg\" alt=\"mediation eveha archeologie\" class=\"wp-image-2358\"\/><\/figure>\n<\/figure>\n\n\n\n<p class=\"wp-block-paragraph\"><\/p>\n","protected":false},"excerpt":{"rendered":"<p>Au terme des recherches men\u00e9es sur les chantiers de fouilles pr\u00e9ventives ou sur des sites historiques, nous intervenons pour valoriser le patrimoine en proposant des solutions temporaires ou durables, adapt\u00e9es \u00e0 l&rsquo;environnement local. Le montage d&rsquo;expositions temporaires et l&rsquo;accompagnement des mus\u00e9es Nous collaborons avec les mus\u00e9es pour monter des expositions en proposant des solutions de [&hellip;]<\/p>\n","protected":false},"author":3,"featured_media":0,"parent":0,"menu_order":0,"comment_status":"closed","ping_status":"closed","template":"","meta":{"_crdt_document":"","inline_featured_image":false,"footnotes":""},"class_list":["post-44","page","type-page","status-publish","hentry"],"_links":{"self":[{"href":"https:\/\/mediation.eveha.fr\/index.php\/wp-json\/wp\/v2\/pages\/44","targetHints":{"allow":["GET"]}}],"collection":[{"href":"https:\/\/mediation.eveha.fr\/index.php\/wp-json\/wp\/v2\/pages"}],"about":[{"href":"https:\/\/mediation.eveha.fr\/index.php\/wp-json\/wp\/v2\/types\/page"}],"author":[{"embeddable":true,"href":"https:\/\/mediation.eveha.fr\/index.php\/wp-json\/wp\/v2\/users\/3"}],"replies":[{"embeddable":true,"href":"https:\/\/mediation.eveha.fr\/index.php\/wp-json\/wp\/v2\/comments?post=44"}],"version-history":[{"count":23,"href":"https:\/\/mediation.eveha.fr\/index.php\/wp-json\/wp\/v2\/pages\/44\/revisions"}],"predecessor-version":[{"id":3900,"href":"https:\/\/mediation.eveha.fr\/index.php\/wp-json\/wp\/v2\/pages\/44\/revisions\/3900"}],"wp:attachment":[{"href":"https:\/\/mediation.eveha.fr\/index.php\/wp-json\/wp\/v2\/media?parent=44"}],"curies":[{"name":"wp","href":"https:\/\/api.w.org\/{rel}","templated":true}]}}

<p class="has-text-align-center has-small-font-size wp-block-paragraph">Au terme des recherches menées sur les chantiers de fouilles préventives ou sur des sites historiques, nous intervenons pour <strong>valoriser le patrimoine en proposant des solutions temporaires ou durables,</strong> adaptées à l&rsquo;environnement local.</p>



<div style="height:45px" aria-hidden="true" class="wp-block-spacer"></div>



<div class="wp-block-columns is-layout-flex wp-container-core-columns-is-layout-2d718be0 wp-block-columns-is-layout-flex" style="margin-top:0;margin-bottom:0;padding-top:0;padding-bottom:0">
<div class="wp-block-column is-layout-flow wp-container-core-column-is-layout-39e5963a wp-block-column-is-layout-flow" style="padding-top:0;padding-right:0;padding-bottom:0;padding-left:0">
<div class="wp-block-columns is-layout-flex wp-container-core-columns-is-layout-b91472e3 wp-block-columns-is-layout-flex">
<div class="wp-block-column is-layout-flow wp-container-core-column-is-layout-4f8c90bc wp-block-column-is-layout-flow" style="padding-top:0;padding-bottom:0">
<h3 class="wp-block-heading"><strong>Le montage d&rsquo;expositions temporaires et l&rsquo;accompagnement des musées</strong></h3>



<p class="has-small-font-size wp-block-paragraph">Nous <strong>collaborons avec les musées pour monter des expositions</strong> en proposant des solutions de valorisation (vidéo, restitutions, modules de médiation, textes vulgarisés, etc.). En l&rsquo;absence de structure muséographique, nous pouvons également monter<strong> des expositions temporaires </strong>pour présenter les résultats des recherches archéologiques.</p>



<p class="wp-block-paragraph"><strong>Quelques exemples :</strong></p>



<ul class="wp-block-list is-style-default has-small-font-size">
<li>Musée d&rsquo;Aquitaine (33)</li>



<li>Musée Bargoin (63)</li>



<li>Musée d&rsquo;Aoste (38)</li>



<li>Mairie de Ménéac (56)</li>
</ul>
</div>



<div class="wp-block-column is-layout-flow wp-container-core-column-is-layout-e19e771a wp-block-column-is-layout-flow" style="padding-right:0;padding-left:0">
<h3 class="wp-block-heading"><strong>Les sentiers d&rsquo;interprétation et les valorisations de sites</strong></h3>



<p class="has-small-font-size wp-block-paragraph">En collaboration avec d&rsquo;autres structures de scénographie de site, <strong>nous apportons notre expertise scientifique et notre savoir-faire en vulgarisation archéologique pour la valorisation de sites historiques.</strong> Nous réalisons également directement les contenus de valorisation tels que <strong>les sentiers d&rsquo;interprétation, les livrets de visite et les modélisations 3D d&rsquo;espaces patrimoniaux.</strong></p>



<p class="wp-block-paragraph"><strong>Quelques exemples :</strong></p>



<ul class="wp-block-list has-small-font-size">
<li>Site des Tours de Merle (19)</li>



<li>Site des Tours de Carbonnières (19)</li>



<li>Site des Tours Mirandes (86) avec Mazédia</li>



<li>Site des grottes de Gargas (65) avec Teloa</li>
</ul>
</div>
</div>
</div>
</div>



<div style="height:45px" aria-hidden="true" class="wp-block-spacer"></div>



<figure class="wp-block-gallery has-nested-images columns-default is-cropped wp-block-gallery-1 is-layout-flex wp-block-gallery-is-layout-flex">
<figure class="wp-block-image size-full"><img loading="lazy" decoding="async" width="960" height="960" data-id="2349" src="https://mediation.eveha.fr/wp-content/uploads/2024/03/Villneuve-sur-Lot_expo_2023.resized.jpg" alt="expo eac passculture eveha" class="wp-image-2349"/></figure>



<figure class="wp-block-image size-full"><img loading="lazy" decoding="async" width="1280" height="960" data-id="2350" src="https://mediation.eveha.fr/wp-content/uploads/2024/03/panneau-sentier-interpretation1.resized.jpg" alt="eveha mediation passculture" class="wp-image-2350"/></figure>



<figure class="wp-block-image size-full"><img loading="lazy" decoding="async" width="1280" height="850" data-id="2352" src="https://mediation.eveha.fr/wp-content/uploads/2024/03/MUR_9960.resized.jpg" alt="eac mediation passculture eveha archeologie " class="wp-image-2352"/></figure>



<figure class="wp-block-image size-full"><img loading="lazy" decoding="async" width="1280" height="850" data-id="2353" src="https://mediation.eveha.fr/wp-content/uploads/2024/03/DSC_0031.resized.jpg" alt="vidéo medition eveha archeologie" class="wp-image-2353"/></figure>



<figure class="wp-block-image size-full"><img loading="lazy" decoding="async" width="1280" height="850" data-id="2351" src="https://mediation.eveha.fr/wp-content/uploads/2024/03/DSC_0023.resized.jpg" alt="eveha mediation archeologie film video " class="wp-image-2351"/></figure>



<figure class="wp-block-image size-full"><img loading="lazy" decoding="async" width="2472" height="2620" data-id="2358" src="https://mediation.eveha.fr/wp-content/uploads/2024/03/unnamed-2.jpg" alt="mediation eveha archeologie" class="wp-image-2358"/></figure>
</figure>



<p class="wp-block-paragraph"></p>

<p>Au terme des recherches menées sur les chantiers de fouilles préventives ou sur des sites historiques, nous intervenons pour valoriser le patrimoine en proposant des solutions temporaires ou durables, adaptées à l&rsquo;environnement local. Le montage d&rsquo;expositions temporaires et l&rsquo;accompagnement des musées Nous collaborons avec les musées pour monter des expositions en proposant des solutions de [&hellip;]</p>
