{"id":350,"date":"2023-12-04T16:26:02","date_gmt":"2023-12-04T15:26:02","guid":{"rendered":"https:\/\/mediationdev.eveha.fr\/?page_id=350"},"modified":"2025-12-10T17:54:51","modified_gmt":"2025-12-10T16:54:51","slug":"nos-formations","status":"publish","type":"page","link":"https:\/\/mediation.eveha.fr\/index.php\/nos-formations\/","title":{"rendered":"Nos formations"},"content":{"rendered":"\n<p class=\"has-text-align-center has-small-font-size wp-block-paragraph\">Qu&rsquo;il s&rsquo;agisse de la m\u00e9diation scientifique ou de l&rsquo;initiation \u00e0 l&rsquo;arch\u00e9ologie, nous proposons des formations \u00e0 destination des guides (VAH, sites historiques, etc.), des animateurs ou encore des \u00e9tudiants.<\/p>\n\n\n\n<div style=\"height:41px\" aria-hidden=\"true\" class=\"wp-block-spacer\"><\/div>\n\n\n\n<div class=\"wp-block-group alignfull has-background has-global-padding is-layout-constrained wp-container-core-group-is-layout-80c09237 wp-block-group-is-layout-constrained\" style=\"background-color:#bbe9fa\">\n<div class=\"wp-block-columns alignfull is-layout-flex wp-container-core-columns-is-layout-7ed3604e wp-block-columns-is-layout-flex\" style=\"margin-top:0;margin-bottom:0;padding-top:0;padding-right:0;padding-bottom:0;padding-left:0\">\n<div class=\"wp-block-column is-layout-flow wp-container-core-column-is-layout-c06199db wp-block-column-is-layout-flow\" style=\"padding-top:0;padding-right:0;padding-bottom:0;padding-left:0;flex-basis:50%\">\n<figure class=\"wp-block-image size-full\" style=\"margin-top:0;margin-right:0;margin-bottom:0;margin-left:0\"><img loading=\"lazy\" decoding=\"async\" width=\"2464\" height=\"1800\" src=\"https:\/\/mediation.eveha.fr\/wp-content\/uploads\/2024\/03\/equipe_eveha.resized.jpg\" alt=\"\" class=\"wp-image-2270\"\/><\/figure>\n<\/div>\n\n\n\n<div class=\"wp-block-column is-vertically-aligned-center is-layout-flow wp-container-core-column-is-layout-1f17f1ab wp-block-column-is-layout-flow\" style=\"padding-top:var(--wp--preset--spacing--40);padding-right:var(--wp--preset--spacing--60);padding-bottom:var(--wp--preset--spacing--40);padding-left:var(--wp--preset--spacing--60)\">\n<h2 class=\"wp-block-heading has-text-align-center has-large-font-size\" style=\"padding-top:var(--wp--preset--spacing--30);padding-bottom:var(--wp--preset--spacing--30)\"><strong>Formation \u00e0 la m\u00e9diation <\/strong><br><strong>et d\u00e9couverte de l&rsquo;arch\u00e9ologie<\/strong><\/h2>\n\n\n\n<p class=\"has-small-font-size wp-block-paragraph\">Nous intervenons aupr\u00e8s des <strong>guides VAH<\/strong>, ou encore des <strong>\u00e9quipes de m\u00e9diation de mus\u00e9es<\/strong> ou sites historiques confront\u00e9s \u00e0 des vestiges ou collections arch\u00e9ologiques en marge de leur patrimoine, pour leur proposer des formations adapt\u00e9es \u00e0 leurs besoins.<br>Cela peut ainsi prendre la forme d&rsquo;une<strong> initiation \u00e0 l&rsquo;arch\u00e9ologie<\/strong> pour comprendre les m\u00e9thodes mises en \u0153uvre sur les chantiers, savoir lire une stratigraphie et faire des relev\u00e9s en fouille s\u00e9dimentaire comme en b\u00e2ti.<br>Nous proposons \u00e9galement des formations de <strong>pr\u00e9sentation adapt\u00e9e d&rsquo;un site arch\u00e9ologique<\/strong> et des derni\u00e8res avanc\u00e9es de la recherche sur cette p\u00e9riode et ce territoire pour permettre aux guides de cr\u00e9er leur discours de visite.<br>Enfin, nous proposons des formations dans l&rsquo;optique de d\u00e9veloppement de nouveaux ateliers de m\u00e9diation au sein des mus\u00e9es ou sites historiques.<\/p>\n<\/div>\n<\/div>\n<\/div>\n\n\n\n<div class=\"wp-block-group alignfull has-background has-global-padding is-layout-constrained wp-container-core-group-is-layout-80c09237 wp-block-group-is-layout-constrained\" style=\"background-color:#e4e4e4\">\n<div class=\"wp-block-columns alignfull is-layout-flex wp-container-core-columns-is-layout-7ed3604e wp-block-columns-is-layout-flex\" style=\"margin-top:0;margin-bottom:0;padding-top:0;padding-right:0;padding-bottom:0;padding-left:0\">\n<div class=\"wp-block-column is-vertically-aligned-center is-layout-flow wp-container-core-column-is-layout-1f17f1ab wp-block-column-is-layout-flow\" style=\"padding-top:var(--wp--preset--spacing--40);padding-right:var(--wp--preset--spacing--60);padding-bottom:var(--wp--preset--spacing--40);padding-left:var(--wp--preset--spacing--60)\">\n<h2 class=\"wp-block-heading has-text-align-center has-large-font-size\" style=\"padding-top:var(--wp--preset--spacing--30);padding-bottom:var(--wp--preset--spacing--30)\"><strong>Stages de Master <\/strong><br><strong>en m\u00e9diation<\/strong><\/h2>\n\n\n\n<p class=\"has-small-font-size wp-block-paragraph\">Nous accueillons des \u00e9tudiants en Master de m\u00e9diation arch\u00e9ologique ou de valorisation du patrimoine. \u00c0 nos c\u00f4t\u00e9s, ils d\u00e9veloppent des outils de m\u00e9diation p\u00e9dagogique ou travaillent sur des projets de valorisation de la recherche.<\/p>\n<\/div>\n\n\n\n<div class=\"wp-block-column is-layout-flow wp-container-core-column-is-layout-c06199db wp-block-column-is-layout-flow\" style=\"padding-top:0;padding-right:0;padding-bottom:0;padding-left:0;flex-basis:50%\">\n<figure class=\"wp-block-image size-full\" style=\"margin-top:0;margin-right:0;margin-bottom:0;margin-left:0\"><img loading=\"lazy\" decoding=\"async\" width=\"1280\" height=\"960\" src=\"https:\/\/mediation.eveha.fr\/wp-content\/uploads\/2024\/03\/DSC05344_etudiants_bessines.resized.jpg\" alt=\"apprentissage mediation eveha eac pass culture\" class=\"wp-image-2142\"\/><\/figure>\n<\/div>\n<\/div>\n<\/div>\n\n\n\n<div class=\"wp-block-group alignfull has-global-padding is-layout-constrained wp-container-core-group-is-layout-80c09237 wp-block-group-is-layout-constrained\">\n<div class=\"wp-block-columns alignfull is-layout-flex wp-container-core-columns-is-layout-7ed3604e wp-block-columns-is-layout-flex\" style=\"margin-top:0;margin-bottom:0;padding-top:0;padding-right:0;padding-bottom:0;padding-left:0\">\n<div class=\"wp-block-column is-layout-flow wp-container-core-column-is-layout-c06199db wp-block-column-is-layout-flow\" style=\"padding-top:0;padding-right:0;padding-bottom:0;padding-left:0;flex-basis:50%\">\n<figure class=\"wp-block-image size-full\" style=\"margin-top:0;margin-right:0;margin-bottom:0;margin-left:0\"><img loading=\"lazy\" decoding=\"async\" width=\"1200\" height=\"900\" src=\"https:\/\/mediation.eveha.fr\/wp-content\/uploads\/2025\/12\/DSC03680-1-edited.jpg\" alt=\"\" class=\"wp-image-3911\" srcset=\"https:\/\/mediation.eveha.fr\/wp-content\/uploads\/2025\/12\/DSC03680-1-edited.jpg 1200w, https:\/\/mediation.eveha.fr\/wp-content\/uploads\/2025\/12\/DSC03680-1-edited-300x225.jpg 300w, https:\/\/mediation.eveha.fr\/wp-content\/uploads\/2025\/12\/DSC03680-1-edited-1024x768.jpg 1024w, https:\/\/mediation.eveha.fr\/wp-content\/uploads\/2025\/12\/DSC03680-1-edited-768x576.jpg 768w\" sizes=\"auto, (max-width: 1200px) 100vw, 1200px\" \/><\/figure>\n<\/div>\n\n\n\n<div class=\"wp-block-column is-vertically-aligned-center is-layout-flow wp-container-core-column-is-layout-1f17f1ab wp-block-column-is-layout-flow\" style=\"padding-top:var(--wp--preset--spacing--40);padding-right:var(--wp--preset--spacing--60);padding-bottom:var(--wp--preset--spacing--40);padding-left:var(--wp--preset--spacing--60)\">\n<h2 class=\"wp-block-heading has-text-align-center has-large-font-size\" style=\"padding-top:var(--wp--preset--spacing--30);padding-bottom:var(--wp--preset--spacing--30)\"><strong>Stages de coll\u00e8ge <\/strong><br><strong>et de lyc\u00e9e<\/strong><\/h2>\n\n\n\n<p class=\"has-small-font-size wp-block-paragraph\">Chaque ann\u00e9e, nous recevons dans nos agences des \u00e9l\u00e8ves de coll\u00e8ge et de lyc\u00e9e qui souhaitent d\u00e9couvrir le monde de l&rsquo;arch\u00e9ologie. Aux c\u00f4t\u00e9s de nos collaborateurs, ils observent les \u00e9tapes de l&rsquo;arch\u00e9ologie, le traitement pr\u00e9ventif du mobilier, les \u00e9tudes de laboratoire, etc.<\/p>\n<\/div>\n<\/div>\n<\/div>\n","protected":false},"excerpt":{"rendered":"<p>Qu&rsquo;il s&rsquo;agisse de la m\u00e9diation scientifique ou de l&rsquo;initiation \u00e0 l&rsquo;arch\u00e9ologie, nous proposons des formations \u00e0 destination des guides (VAH, sites historiques, etc.), des animateurs ou encore des \u00e9tudiants. Formation \u00e0 la m\u00e9diation et d\u00e9couverte de l&rsquo;arch\u00e9ologie Nous intervenons aupr\u00e8s des guides VAH, ou encore des \u00e9quipes de m\u00e9diation de mus\u00e9es ou sites historiques confront\u00e9s [&hellip;]<\/p>\n","protected":false},"author":6,"featured_media":0,"parent":0,"menu_order":0,"comment_status":"closed","ping_status":"closed","template":"","meta":{"_crdt_document":"","inline_featured_image":false,"footnotes":""},"class_list":["post-350","page","type-page","status-publish","hentry"],"_links":{"self":[{"href":"https:\/\/mediation.eveha.fr\/index.php\/wp-json\/wp\/v2\/pages\/350","targetHints":{"allow":["GET"]}}],"collection":[{"href":"https:\/\/mediation.eveha.fr\/index.php\/wp-json\/wp\/v2\/pages"}],"about":[{"href":"https:\/\/mediation.eveha.fr\/index.php\/wp-json\/wp\/v2\/types\/page"}],"author":[{"embeddable":true,"href":"https:\/\/mediation.eveha.fr\/index.php\/wp-json\/wp\/v2\/users\/6"}],"replies":[{"embeddable":true,"href":"https:\/\/mediation.eveha.fr\/index.php\/wp-json\/wp\/v2\/comments?post=350"}],"version-history":[{"count":34,"href":"https:\/\/mediation.eveha.fr\/index.php\/wp-json\/wp\/v2\/pages\/350\/revisions"}],"predecessor-version":[{"id":3927,"href":"https:\/\/mediation.eveha.fr\/index.php\/wp-json\/wp\/v2\/pages\/350\/revisions\/3927"}],"wp:attachment":[{"href":"https:\/\/mediation.eveha.fr\/index.php\/wp-json\/wp\/v2\/media?parent=350"}],"curies":[{"name":"wp","href":"https:\/\/api.w.org\/{rel}","templated":true}]}}

<p class="has-text-align-center has-small-font-size wp-block-paragraph">Qu&rsquo;il s&rsquo;agisse de la médiation scientifique ou de l&rsquo;initiation à l&rsquo;archéologie, nous proposons des formations à destination des guides (VAH, sites historiques, etc.), des animateurs ou encore des étudiants.</p>



<div style="height:41px" aria-hidden="true" class="wp-block-spacer"></div>



<div class="wp-block-group alignfull has-background has-global-padding is-layout-constrained wp-container-core-group-is-layout-80c09237 wp-block-group-is-layout-constrained" style="background-color:#bbe9fa">
<div class="wp-block-columns alignfull is-layout-flex wp-container-core-columns-is-layout-7ed3604e wp-block-columns-is-layout-flex" style="margin-top:0;margin-bottom:0;padding-top:0;padding-right:0;padding-bottom:0;padding-left:0">
<div class="wp-block-column is-layout-flow wp-container-core-column-is-layout-c06199db wp-block-column-is-layout-flow" style="padding-top:0;padding-right:0;padding-bottom:0;padding-left:0;flex-basis:50%">
<figure class="wp-block-image size-full" style="margin-top:0;margin-right:0;margin-bottom:0;margin-left:0"><img loading="lazy" decoding="async" width="2464" height="1800" src="https://mediation.eveha.fr/wp-content/uploads/2024/03/equipe_eveha.resized.jpg" alt="" class="wp-image-2270"/></figure>
</div>



<div class="wp-block-column is-vertically-aligned-center is-layout-flow wp-container-core-column-is-layout-1f17f1ab wp-block-column-is-layout-flow" style="padding-top:var(--wp--preset--spacing--40);padding-right:var(--wp--preset--spacing--60);padding-bottom:var(--wp--preset--spacing--40);padding-left:var(--wp--preset--spacing--60)">
<h2 class="wp-block-heading has-text-align-center has-large-font-size" style="padding-top:var(--wp--preset--spacing--30);padding-bottom:var(--wp--preset--spacing--30)"><strong>Formation à la médiation </strong><br><strong>et découverte de l&rsquo;archéologie</strong></h2>



<p class="has-small-font-size wp-block-paragraph">Nous intervenons auprès des <strong>guides VAH</strong>, ou encore des <strong>équipes de médiation de musées</strong> ou sites historiques confrontés à des vestiges ou collections archéologiques en marge de leur patrimoine, pour leur proposer des formations adaptées à leurs besoins.<br>Cela peut ainsi prendre la forme d&rsquo;une<strong> initiation à l&rsquo;archéologie</strong> pour comprendre les méthodes mises en œuvre sur les chantiers, savoir lire une stratigraphie et faire des relevés en fouille sédimentaire comme en bâti.<br>Nous proposons également des formations de <strong>présentation adaptée d&rsquo;un site archéologique</strong> et des dernières avancées de la recherche sur cette période et ce territoire pour permettre aux guides de créer leur discours de visite.<br>Enfin, nous proposons des formations dans l&rsquo;optique de développement de nouveaux ateliers de médiation au sein des musées ou sites historiques.</p>
</div>
</div>
</div>



<div class="wp-block-group alignfull has-background has-global-padding is-layout-constrained wp-container-core-group-is-layout-80c09237 wp-block-group-is-layout-constrained" style="background-color:#e4e4e4">
<div class="wp-block-columns alignfull is-layout-flex wp-container-core-columns-is-layout-7ed3604e wp-block-columns-is-layout-flex" style="margin-top:0;margin-bottom:0;padding-top:0;padding-right:0;padding-bottom:0;padding-left:0">
<div class="wp-block-column is-vertically-aligned-center is-layout-flow wp-container-core-column-is-layout-1f17f1ab wp-block-column-is-layout-flow" style="padding-top:var(--wp--preset--spacing--40);padding-right:var(--wp--preset--spacing--60);padding-bottom:var(--wp--preset--spacing--40);padding-left:var(--wp--preset--spacing--60)">
<h2 class="wp-block-heading has-text-align-center has-large-font-size" style="padding-top:var(--wp--preset--spacing--30);padding-bottom:var(--wp--preset--spacing--30)"><strong>Stages de Master </strong><br><strong>en médiation</strong></h2>



<p class="has-small-font-size wp-block-paragraph">Nous accueillons des étudiants en Master de médiation archéologique ou de valorisation du patrimoine. À nos côtés, ils développent des outils de médiation pédagogique ou travaillent sur des projets de valorisation de la recherche.</p>
</div>



<div class="wp-block-column is-layout-flow wp-container-core-column-is-layout-c06199db wp-block-column-is-layout-flow" style="padding-top:0;padding-right:0;padding-bottom:0;padding-left:0;flex-basis:50%">
<figure class="wp-block-image size-full" style="margin-top:0;margin-right:0;margin-bottom:0;margin-left:0"><img loading="lazy" decoding="async" width="1280" height="960" src="https://mediation.eveha.fr/wp-content/uploads/2024/03/DSC05344_etudiants_bessines.resized.jpg" alt="apprentissage mediation eveha eac pass culture" class="wp-image-2142"/></figure>
</div>
</div>
</div>



<div class="wp-block-group alignfull has-global-padding is-layout-constrained wp-container-core-group-is-layout-80c09237 wp-block-group-is-layout-constrained">
<div class="wp-block-columns alignfull is-layout-flex wp-container-core-columns-is-layout-7ed3604e wp-block-columns-is-layout-flex" style="margin-top:0;margin-bottom:0;padding-top:0;padding-right:0;padding-bottom:0;padding-left:0">
<div class="wp-block-column is-layout-flow wp-container-core-column-is-layout-c06199db wp-block-column-is-layout-flow" style="padding-top:0;padding-right:0;padding-bottom:0;padding-left:0;flex-basis:50%">
<figure class="wp-block-image size-full" style="margin-top:0;margin-right:0;margin-bottom:0;margin-left:0"><img loading="lazy" decoding="async" width="1200" height="900" src="https://mediation.eveha.fr/wp-content/uploads/2025/12/DSC03680-1-edited.jpg" alt="" class="wp-image-3911" srcset="https://mediation.eveha.fr/wp-content/uploads/2025/12/DSC03680-1-edited.jpg 1200w, https://mediation.eveha.fr/wp-content/uploads/2025/12/DSC03680-1-edited-300x225.jpg 300w, https://mediation.eveha.fr/wp-content/uploads/2025/12/DSC03680-1-edited-1024x768.jpg 1024w, https://mediation.eveha.fr/wp-content/uploads/2025/12/DSC03680-1-edited-768x576.jpg 768w" sizes="auto, (max-width: 1200px) 100vw, 1200px" /></figure>
</div>



<div class="wp-block-column is-vertically-aligned-center is-layout-flow wp-container-core-column-is-layout-1f17f1ab wp-block-column-is-layout-flow" style="padding-top:var(--wp--preset--spacing--40);padding-right:var(--wp--preset--spacing--60);padding-bottom:var(--wp--preset--spacing--40);padding-left:var(--wp--preset--spacing--60)">
<h2 class="wp-block-heading has-text-align-center has-large-font-size" style="padding-top:var(--wp--preset--spacing--30);padding-bottom:var(--wp--preset--spacing--30)"><strong>Stages de collège </strong><br><strong>et de lycée</strong></h2>



<p class="has-small-font-size wp-block-paragraph">Chaque année, nous recevons dans nos agences des élèves de collège et de lycée qui souhaitent découvrir le monde de l&rsquo;archéologie. Aux côtés de nos collaborateurs, ils observent les étapes de l&rsquo;archéologie, le traitement préventif du mobilier, les études de laboratoire, etc.</p>
</div>
</div>
</div>

<p>Qu&rsquo;il s&rsquo;agisse de la médiation scientifique ou de l&rsquo;initiation à l&rsquo;archéologie, nous proposons des formations à destination des guides (VAH, sites historiques, etc.), des animateurs ou encore des étudiants. Formation à la médiation et découverte de l&rsquo;archéologie Nous intervenons auprès des guides VAH, ou encore des équipes de médiation de musées ou sites historiques confrontés [&hellip;]</p>
