{"id":2417,"date":"2024-03-14T10:30:36","date_gmt":"2024-03-14T09:30:36","guid":{"rendered":"https:\/\/mediationdev.eveha.fr\/?page_id=2417"},"modified":"2025-12-10T17:57:01","modified_gmt":"2025-12-10T16:57:01","slug":"vous-avez-un-projet-2","status":"publish","type":"page","link":"https:\/\/mediation.eveha.fr\/index.php\/vous-avez-un-projet-2\/","title":{"rendered":"Vous avez un projet ?"},"content":{"rendered":"\n<p class=\"has-text-align-center wp-block-paragraph\">\u00c9veha porte la certitude que les recherches arch\u00e9ologiques ne doivent pas \u00eatre maintenues dans le seul p\u00e9rim\u00e8tre de la communaut\u00e9 scientifique mais qu\u2019elles <strong>doivent \u00eatre source de partage \u00e0 l\u2019ensemble de la population<\/strong>. Forte de cette conviction, \u00c9veha s&rsquo;est dot\u00e9e <strong>d\u2019une \u00e9quipe de m\u00e9diation exp\u00e9riment\u00e9e<\/strong> dans la cr\u00e9ation et la mise en place de supports et d\u2019actions de m\u00e9diation culturelle.<\/p>\n\n\n\n<div style=\"height:40px\" aria-hidden=\"true\" class=\"wp-block-spacer\"><\/div>\n\n\n\n<div class=\"wp-block-group alignfull has-background has-global-padding is-layout-constrained wp-container-core-group-is-layout-ad17e4ee wp-block-group-is-layout-constrained\" style=\"border-style:none;border-width:0px;border-radius:0px;background-color:#bbe9fa;min-height:0px;margin-top:0;margin-bottom:0;padding-top:0;padding-right:0;padding-bottom:0;padding-left:0\">\n<div class=\"wp-block-columns alignfull is-layout-flex wp-container-core-columns-is-layout-2d2bc4d5 wp-block-columns-is-layout-flex\" style=\"margin-top:0;margin-bottom:0;padding-top:0;padding-right:0;padding-bottom:0;padding-left:0\">\n<div class=\"wp-block-column is-vertically-aligned-center is-layout-flow wp-container-core-column-is-layout-b292c4b3 wp-block-column-is-layout-flow\" style=\"padding-top:var(--wp--preset--spacing--60);padding-right:var(--wp--preset--spacing--60);padding-bottom:var(--wp--preset--spacing--60);padding-left:var(--wp--preset--spacing--60)\">\n<h4 class=\"wp-block-heading has-text-align-left\" style=\"padding-top:var(--wp--preset--spacing--30);padding-bottom:var(--wp--preset--spacing--30)\"><strong>Construisons votre projet ensemble !<\/strong><\/h4>\n\n\n\n<div style=\"height:0px\" aria-hidden=\"true\" class=\"wp-block-spacer\"><\/div>\n\n\n\n<p class=\"has-small-font-size wp-block-paragraph\" style=\"margin-top:0;margin-right:0;margin-bottom:0;margin-left:0\"><strong>Mus\u00e9es, r\u00e9gions, d\u00e9partements, collectivit\u00e9s, \u00e9tablissements scolaires, entreprises priv\u00e9es ou organismes publiques, (etc.)<\/strong>, construisons ensemble votre projet de m\u00e9diation et de valorisation ! Montage d&rsquo;expositions, mise en place de sentiers d&rsquo;interpr\u00e9tation, cr\u00e9ation d&rsquo;ateliers p\u00e9dagogiques et de supports de m\u00e9diation sur-mesure, r\u00e9alisation de visites guid\u00e9es th\u00e9matiques&#8230; <strong>notre p\u00f4le m\u00e9diation-communication est \u00e0 votre \u00e9coute<\/strong>, nous nous adapterons \u00e0 votre demande !<\/p>\n\n\n\n<div class=\"wp-block-group alignwide has-background is-vertical is-content-justification-center is-layout-flex wp-container-core-group-is-layout-2b0593b1 wp-block-group-is-layout-flex\" style=\"background-color:#bbe9fa\">\n<div class=\"wp-block-buttons has-custom-font-size has-background has-small-font-size is-content-justification-center is-layout-flex wp-container-core-buttons-is-layout-26557233 wp-block-buttons-is-layout-flex\" style=\"background-color:#bbe9fa;margin-top:0;margin-bottom:0\">\n<div class=\"wp-block-button\"><a class=\"wp-block-button__link has-base-color has-text-color has-background has-link-color has-text-align-left wp-element-button\" href=\"..\/index.php\/evenement\/\" style=\"background-color:#78874b\"><strong>D\u00e9couvrez nos projets<\/strong><\/a><\/div>\n<\/div>\n<\/div>\n<\/div>\n\n\n\n<div class=\"wp-block-column is-vertically-aligned-center is-layout-flow wp-container-core-column-is-layout-c06199db wp-block-column-is-layout-flow\" style=\"padding-top:0;padding-right:0;padding-bottom:0;padding-left:0;flex-basis:50%\">\n<figure class=\"wp-block-image size-full\" style=\"margin-top:0;margin-right:0;margin-bottom:0;margin-left:0\"><img loading=\"lazy\" decoding=\"async\" width=\"960\" height=\"960\" src=\"https:\/\/mediation.eveha.fr\/wp-content\/uploads\/2024\/03\/Villneuve-sur-Lot_expo_2023.resized.jpg\" alt=\"expo eac passculture eveha\" class=\"wp-image-2349\" style=\"aspect-ratio:4\/3;object-fit:cover\"\/><\/figure>\n<\/div>\n<\/div>\n<\/div>\n\n\n\n<div style=\"height:40px\" aria-hidden=\"true\" class=\"wp-block-spacer\"><\/div>\n\n\n\n<h2 class=\"wp-block-heading has-x-large-font-size\"><strong>Contactez-nous !<\/strong><\/h2>\n\n\n\n<div style=\"height:40px\" aria-hidden=\"true\" class=\"wp-block-spacer\"><\/div>\n\n\n\n<div style=\"margin-top:0;margin-bottom:0;height:0px\" aria-hidden=\"true\" class=\"wp-block-spacer\"><\/div>\n\n\n\n<div class=\"wp-block-group is-vertical is-layout-flex wp-container-core-group-is-layout-ee5a8931 wp-block-group-is-layout-flex\">\n<div class=\"wp-block-group alignfull has-background has-global-padding is-content-justification-center is-layout-constrained wp-container-core-group-is-layout-70b0ca34 wp-block-group-is-layout-constrained\" style=\"background-color:#d6d6d6;margin-top:0;margin-bottom:0;padding-top:0;padding-right:0;padding-bottom:0;padding-left:0\">\n<div class=\"wp-block-group is-vertical is-layout-flex wp-container-core-group-is-layout-f1f4aac2 wp-block-group-is-layout-flex\">\n<div class=\"wp-block-columns is-layout-flex wp-container-core-columns-is-layout-b91472e3 wp-block-columns-is-layout-flex\">\n<div class=\"wp-block-column is-vertically-aligned-center has-background is-layout-flow wp-block-column-is-layout-flow\" style=\"background-color:#d6d6d6\">\n<div class=\"wp-block-group has-background is-vertical is-layout-flex wp-container-core-group-is-layout-f1f4aac2 wp-block-group-is-layout-flex\" style=\"background-color:#d6d6d6\">\n<div class=\"wp-block-columns is-layout-flex wp-container-core-columns-is-layout-b91472e3 wp-block-columns-is-layout-flex\">\n<div class=\"wp-block-column is-layout-flow wp-block-column-is-layout-flow\" style=\"flex-basis:100%\">\n<div class=\"wp-block-group is-vertical is-layout-flex wp-container-core-group-is-layout-f1f4aac2 wp-block-group-is-layout-flex\">\n<div class=\"wp-block-group is-vertical is-layout-flex wp-container-core-group-is-layout-f1f4aac2 wp-block-group-is-layout-flex\">\n<p class=\"has-small-font-size wp-block-paragraph\">Nous sommes impatients de r\u00e9aliser avec vous des projets de m\u00e9diation et de valorisation culturelles enrichissants dans le domaine de l&rsquo;arch\u00e9ologie.<br><br><\/p>\n<\/div>\n<\/div>\n<\/div>\n<\/div>\n<\/div>\n<\/div>\n<\/div>\n<\/div>\n<\/div>\n<\/div>\n\n\n\n<div class=\"wp-block-buttons is-content-justification-center is-layout-flex wp-container-core-buttons-is-layout-75f1776e wp-block-buttons-is-layout-flex\">\n<div class=\"wp-block-button\"><a class=\"wp-block-button__link has-base-color has-text-color has-background has-link-color wp-element-button\" href=\"mailto:mediation-communication@eveha.fr\" style=\"background-color:#78874b\"><strong>Contactez-nous : mediation-communication@eveha.fr<\/strong><\/a><\/div>\n<\/div>\n\n\n\n<p class=\"wp-block-paragraph\"><\/p>\n","protected":false},"excerpt":{"rendered":"<p>\u00c9veha porte la certitude que les recherches arch\u00e9ologiques ne doivent pas \u00eatre maintenues dans le seul p\u00e9rim\u00e8tre de la communaut\u00e9 scientifique mais qu\u2019elles doivent \u00eatre source de partage \u00e0 l\u2019ensemble de la population. Forte de cette conviction, \u00c9veha s&rsquo;est dot\u00e9e d\u2019une \u00e9quipe de m\u00e9diation exp\u00e9riment\u00e9e dans la cr\u00e9ation et la mise en place de supports [&hellip;]<\/p>\n","protected":false},"author":5,"featured_media":0,"parent":0,"menu_order":0,"comment_status":"closed","ping_status":"closed","template":"","meta":{"_crdt_document":"","inline_featured_image":false,"footnotes":""},"class_list":["post-2417","page","type-page","status-publish","hentry"],"_links":{"self":[{"href":"https:\/\/mediation.eveha.fr\/index.php\/wp-json\/wp\/v2\/pages\/2417","targetHints":{"allow":["GET"]}}],"collection":[{"href":"https:\/\/mediation.eveha.fr\/index.php\/wp-json\/wp\/v2\/pages"}],"about":[{"href":"https:\/\/mediation.eveha.fr\/index.php\/wp-json\/wp\/v2\/types\/page"}],"author":[{"embeddable":true,"href":"https:\/\/mediation.eveha.fr\/index.php\/wp-json\/wp\/v2\/users\/5"}],"replies":[{"embeddable":true,"href":"https:\/\/mediation.eveha.fr\/index.php\/wp-json\/wp\/v2\/comments?post=2417"}],"version-history":[{"count":28,"href":"https:\/\/mediation.eveha.fr\/index.php\/wp-json\/wp\/v2\/pages\/2417\/revisions"}],"predecessor-version":[{"id":3929,"href":"https:\/\/mediation.eveha.fr\/index.php\/wp-json\/wp\/v2\/pages\/2417\/revisions\/3929"}],"wp:attachment":[{"href":"https:\/\/mediation.eveha.fr\/index.php\/wp-json\/wp\/v2\/media?parent=2417"}],"curies":[{"name":"wp","href":"https:\/\/api.w.org\/{rel}","templated":true}]}}

<p class="has-text-align-center wp-block-paragraph">Éveha porte la certitude que les recherches archéologiques ne doivent pas être maintenues dans le seul périmètre de la communauté scientifique mais qu’elles <strong>doivent être source de partage à l’ensemble de la population</strong>. Forte de cette conviction, Éveha s&rsquo;est dotée <strong>d’une équipe de médiation expérimentée</strong> dans la création et la mise en place de supports et d’actions de médiation culturelle.</p>



<div style="height:40px" aria-hidden="true" class="wp-block-spacer"></div>



<div class="wp-block-group alignfull has-background has-global-padding is-layout-constrained wp-container-core-group-is-layout-ad17e4ee wp-block-group-is-layout-constrained" style="border-style:none;border-width:0px;border-radius:0px;background-color:#bbe9fa;min-height:0px;margin-top:0;margin-bottom:0;padding-top:0;padding-right:0;padding-bottom:0;padding-left:0">
<div class="wp-block-columns alignfull is-layout-flex wp-container-core-columns-is-layout-2d2bc4d5 wp-block-columns-is-layout-flex" style="margin-top:0;margin-bottom:0;padding-top:0;padding-right:0;padding-bottom:0;padding-left:0">
<div class="wp-block-column is-vertically-aligned-center is-layout-flow wp-container-core-column-is-layout-b292c4b3 wp-block-column-is-layout-flow" style="padding-top:var(--wp--preset--spacing--60);padding-right:var(--wp--preset--spacing--60);padding-bottom:var(--wp--preset--spacing--60);padding-left:var(--wp--preset--spacing--60)">
<h4 class="wp-block-heading has-text-align-left" style="padding-top:var(--wp--preset--spacing--30);padding-bottom:var(--wp--preset--spacing--30)"><strong>Construisons votre projet ensemble !</strong></h4>



<div style="height:0px" aria-hidden="true" class="wp-block-spacer"></div>



<p class="has-small-font-size wp-block-paragraph" style="margin-top:0;margin-right:0;margin-bottom:0;margin-left:0"><strong>Musées, régions, départements, collectivités, établissements scolaires, entreprises privées ou organismes publiques, (etc.)</strong>, construisons ensemble votre projet de médiation et de valorisation ! Montage d&rsquo;expositions, mise en place de sentiers d&rsquo;interprétation, création d&rsquo;ateliers pédagogiques et de supports de médiation sur-mesure, réalisation de visites guidées thématiques&#8230; <strong>notre pôle médiation-communication est à votre écoute</strong>, nous nous adapterons à votre demande !</p>



<div class="wp-block-group alignwide has-background is-vertical is-content-justification-center is-layout-flex wp-container-core-group-is-layout-2b0593b1 wp-block-group-is-layout-flex" style="background-color:#bbe9fa">
<div class="wp-block-buttons has-custom-font-size has-background has-small-font-size is-content-justification-center is-layout-flex wp-container-core-buttons-is-layout-26557233 wp-block-buttons-is-layout-flex" style="background-color:#bbe9fa;margin-top:0;margin-bottom:0">
<div class="wp-block-button"><a class="wp-block-button__link has-base-color has-text-color has-background has-link-color has-text-align-left wp-element-button" href="../index.php/evenement/" style="background-color:#78874b"><strong>Découvrez nos projets</strong></a></div>
</div>
</div>
</div>



<div class="wp-block-column is-vertically-aligned-center is-layout-flow wp-container-core-column-is-layout-c06199db wp-block-column-is-layout-flow" style="padding-top:0;padding-right:0;padding-bottom:0;padding-left:0;flex-basis:50%">
<figure class="wp-block-image size-full" style="margin-top:0;margin-right:0;margin-bottom:0;margin-left:0"><img loading="lazy" decoding="async" width="960" height="960" src="https://mediation.eveha.fr/wp-content/uploads/2024/03/Villneuve-sur-Lot_expo_2023.resized.jpg" alt="expo eac passculture eveha" class="wp-image-2349" style="aspect-ratio:4/3;object-fit:cover"/></figure>
</div>
</div>
</div>



<div style="height:40px" aria-hidden="true" class="wp-block-spacer"></div>



<h2 class="wp-block-heading has-x-large-font-size"><strong>Contactez-nous !</strong></h2>



<div style="height:40px" aria-hidden="true" class="wp-block-spacer"></div>



<div style="margin-top:0;margin-bottom:0;height:0px" aria-hidden="true" class="wp-block-spacer"></div>



<div class="wp-block-group is-vertical is-layout-flex wp-container-core-group-is-layout-ee5a8931 wp-block-group-is-layout-flex">
<div class="wp-block-group alignfull has-background has-global-padding is-content-justification-center is-layout-constrained wp-container-core-group-is-layout-70b0ca34 wp-block-group-is-layout-constrained" style="background-color:#d6d6d6;margin-top:0;margin-bottom:0;padding-top:0;padding-right:0;padding-bottom:0;padding-left:0">
<div class="wp-block-group is-vertical is-layout-flex wp-container-core-group-is-layout-f1f4aac2 wp-block-group-is-layout-flex">
<div class="wp-block-columns is-layout-flex wp-container-core-columns-is-layout-b91472e3 wp-block-columns-is-layout-flex">
<div class="wp-block-column is-vertically-aligned-center has-background is-layout-flow wp-block-column-is-layout-flow" style="background-color:#d6d6d6">
<div class="wp-block-group has-background is-vertical is-layout-flex wp-container-core-group-is-layout-f1f4aac2 wp-block-group-is-layout-flex" style="background-color:#d6d6d6">
<div class="wp-block-columns is-layout-flex wp-container-core-columns-is-layout-b91472e3 wp-block-columns-is-layout-flex">
<div class="wp-block-column is-layout-flow wp-block-column-is-layout-flow" style="flex-basis:100%">
<div class="wp-block-group is-vertical is-layout-flex wp-container-core-group-is-layout-f1f4aac2 wp-block-group-is-layout-flex">
<div class="wp-block-group is-vertical is-layout-flex wp-container-core-group-is-layout-f1f4aac2 wp-block-group-is-layout-flex">
<p class="has-small-font-size wp-block-paragraph">Nous sommes impatients de réaliser avec vous des projets de médiation et de valorisation culturelles enrichissants dans le domaine de l&rsquo;archéologie.<br><br></p>
</div>
</div>
</div>
</div>
</div>
</div>
</div>
</div>
</div>
</div>



<div class="wp-block-buttons is-content-justification-center is-layout-flex wp-container-core-buttons-is-layout-75f1776e wp-block-buttons-is-layout-flex">
<div class="wp-block-button"><a class="wp-block-button__link has-base-color has-text-color has-background has-link-color wp-element-button" href="mailto:mediation-communication@eveha.fr" style="background-color:#78874b"><strong>Contactez-nous : mediation-communication@eveha.fr</strong></a></div>
</div>



<p class="wp-block-paragraph"></p>

<p>Éveha porte la certitude que les recherches archéologiques ne doivent pas être maintenues dans le seul périmètre de la communauté scientifique mais qu’elles doivent être source de partage à l’ensemble de la population. Forte de cette conviction, Éveha s&rsquo;est dotée d’une équipe de médiation expérimentée dans la création et la mise en place de supports [&hellip;]</p>
