{"id":1517,"date":"2024-02-22T10:47:46","date_gmt":"2024-02-22T09:47:46","guid":{"rendered":"https:\/\/mediationdev.eveha.fr\/?page_id=1517"},"modified":"2025-12-10T17:30:19","modified_gmt":"2025-12-10T16:30:19","slug":"nos-ateliers","status":"publish","type":"page","link":"https:\/\/mediation.eveha.fr\/index.php\/nos-ateliers\/","title":{"rendered":"Nos ateliers"},"content":{"rendered":"\n<p class=\"has-text-align-center has-small-font-size wp-block-paragraph\"><strong>Fort de son exp\u00e9rience et de son expertise dans le domaine de la m\u00e9diation scientifique<\/strong>, \u00c9veha cr\u00e9e, r\u00e9alise et met en place <strong>de nombreux ateliers p\u00e9dagogiques <\/strong>sp\u00e9cialement con\u00e7us pour s\u2019adresser aux grands comme aux plus petits. <strong>Ludiques, didactiques et interactifs,<\/strong> tous nos supports de m\u00e9diation ont \u00e9t\u00e9 d\u00e9velopp\u00e9s dans l&rsquo;optique <strong>de transmettre et de valoriser les m\u00e9tiers de l&rsquo;arch\u00e9ologie aupr\u00e8s du plus grand nombre. <\/strong><\/p>\n\n\n\n<div style=\"height:45px\" aria-hidden=\"true\" class=\"wp-block-spacer\"><\/div>\n\n\n\n<div class=\"wp-block-group alignfull has-background has-global-padding is-layout-constrained wp-container-core-group-is-layout-0bfb1aff wp-block-group-is-layout-constrained\" style=\"background:linear-gradient(180deg,rgb(120,135,75) 0%,rgb(89,103,49) 99%);padding-top:var(--wp--preset--spacing--30);padding-bottom:var(--wp--preset--spacing--30)\">\n<div class=\"wp-block-columns is-layout-flex wp-container-core-columns-is-layout-b91472e3 wp-block-columns-is-layout-flex\">\n<div class=\"wp-block-column is-vertically-aligned-center is-layout-flow wp-container-core-column-is-layout-ac79ae75 wp-block-column-is-layout-flow\">\n<h2 class=\"wp-block-heading has-base-color has-text-color has-link-color has-large-font-size wp-elements-6088d2808f483904258994052010d157\"><strong>Les m\u00e9tiers de l&rsquo;arch\u00e9ologie accessibles de 7 ans&#8230;<\/strong><\/h2>\n\n\n\n<p class=\"has-base-color has-text-color has-link-color has-small-font-size wp-elements-a67bf297d4e0c50e9f78664352bad58c wp-block-paragraph\"><strong>Nos ateliers \u00e0 destination des scolaires <\/strong>sont r\u00e9alis\u00e9s hors ou au sein des \u00e9tablissements (\u00e9coles primaires, coll\u00e8ges, lyc\u00e9es), lors d&rsquo;\u00e9v\u00e8nements particuliers (JEA, JEP, F\u00eate de la Science, Journ\u00e9es porte-ouverte, etc.), ponctuellement ou tout au long de l&rsquo;ann\u00e9e scolaire sous la forme de projets p\u00e9dagogiques.<\/p>\n<\/div>\n\n\n\n<div class=\"wp-block-column has-small-font-size is-layout-flow wp-container-core-column-is-layout-cc4dccc0 wp-block-column-is-layout-flow\" style=\"padding-top:0;padding-right:0;padding-bottom:0;padding-left:0\">\n<ul class=\"wp-block-list has-base-color has-text-color has-link-color has-small-font-size wp-elements-6211435269587bfa4f52f87b46c724eb\">\n<li><strong>Initiation \u00e0 l&rsquo;arch\u00e9ologie pr\u00e9ventive<\/strong><\/li>\n\n\n\n<li><strong>Initiation \u00e0 l&rsquo;arch\u00e9ologie fun\u00e9raire<\/strong><\/li>\n\n\n\n<li><strong>Initiation et d\u00e9couverte des sp\u00e9cialistes de l&rsquo;arch\u00e9ologie (c\u00e9ramologue, carpologue, anthropologue, anthracologue, arch\u00e9ozoologue, dendrochronologue, sp\u00e9cialiste des enduits peints, etc.)<\/strong><\/li>\n\n\n\n<li><strong>Initiations m\u00e9thodologique et technique (fouille, dessin technique, prises de vues, fiches d&rsquo;enregistrement, etc.)<\/strong><\/li>\n\n\n\n<li><strong>D\u00e9couverte du mobilier arch\u00e9ologique (tri, conditionnement, traitement, identification, inventaire, etc.)<\/strong><\/li>\n\n\n\n<li><strong>D\u00e9couverte de l&rsquo;arch\u00e9ologie subaquatique<\/strong><\/li>\n\n\n\n<li><strong>Sensibilisation au pillage des sites arch\u00e9ologiques et au trafic d\u2019\u0153uvres d&rsquo;art (projet europ\u00e9en PITCHER)<\/strong><\/li>\n\n\n\n<li><strong>D\u00e9couverte du patrimoine local (visites guid\u00e9es sur site)<\/strong><\/li>\n\n\n\n<li><strong>\u00ab&nbsp;Junior \u00bb conf\u00e9rences<\/strong><\/li>\n<\/ul>\n<\/div>\n<\/div>\n<\/div>\n\n\n\n<div class=\"wp-block-group alignfull has-base-background-color has-background has-global-padding is-layout-constrained wp-container-core-group-is-layout-97e12f25 wp-block-group-is-layout-constrained\" style=\"margin-top:0;margin-bottom:0;padding-top:var(--wp--preset--spacing--30);padding-bottom:var(--wp--preset--spacing--30)\">\n<div class=\"wp-block-columns is-layout-flex wp-container-core-columns-is-layout-b91472e3 wp-block-columns-is-layout-flex\">\n<div class=\"wp-block-column is-vertically-aligned-center is-layout-flow wp-container-core-column-is-layout-ac79ae75 wp-block-column-is-layout-flow\">\n<h2 class=\"wp-block-heading has-text-align-left has-large-font-size\"><strong>&#8230; \u00e0 77 ans&#8230; et plus !<\/strong><\/h2>\n\n\n\n<p class=\"has-text-align-left has-small-font-size wp-block-paragraph\"><strong>Nos ateliers \u00e0 destination du grand public<\/strong> sont r\u00e9alis\u00e9s tout au long de l&rsquo;ann\u00e9e sur site ou dans des lieux d\u00e9di\u00e9s (mus\u00e9es, m\u00e9diath\u00e8ques, salles communales) lors d&rsquo;\u00e9v\u00e8nements particuliers (JEA, JEP, Journ\u00e9es portes ouvertes sur nos sites, etc.).<\/p>\n<\/div>\n\n\n\n<div class=\"wp-block-column is-layout-flow wp-block-column-is-layout-flow\">\n<ul class=\"wp-block-list has-small-font-size\">\n<li><strong>D\u00e9couverte de l&rsquo;arch\u00e9ologie pr\u00e9ventive<\/strong><\/li>\n\n\n\n<li><strong>D\u00e9couverte de l&rsquo;arch\u00e9ologie subaquatique et sous-marine<\/strong><\/li>\n\n\n\n<li><strong>D\u00e9couverte de la fouille en milieu confin\u00e9 (puits, souterrains, etc.)<\/strong><\/li>\n\n\n\n<li><strong>Visites guid\u00e9es sur site<\/strong><\/li>\n\n\n\n<li><strong>Expositions (panneaux, d\u00e9pliants, mobilier, photographies, vid\u00e9os, etc.)<\/strong><\/li>\n\n\n\n<li><strong>Sentiers d&rsquo;interpr\u00e9tation<\/strong><\/li>\n\n\n\n<li><strong>Conf\u00e9rences <\/strong><\/li>\n<\/ul>\n<\/div>\n<\/div>\n<\/div>\n\n\n\n<p class=\"wp-block-paragraph\"><\/p>\n","protected":false},"excerpt":{"rendered":"<p>Fort de son exp\u00e9rience et de son expertise dans le domaine de la m\u00e9diation scientifique, \u00c9veha cr\u00e9e, r\u00e9alise et met en place de nombreux ateliers p\u00e9dagogiques sp\u00e9cialement con\u00e7us pour s\u2019adresser aux grands comme aux plus petits. Ludiques, didactiques et interactifs, tous nos supports de m\u00e9diation ont \u00e9t\u00e9 d\u00e9velopp\u00e9s dans l&rsquo;optique de transmettre et de valoriser [&hellip;]<\/p>\n","protected":false},"author":6,"featured_media":0,"parent":0,"menu_order":0,"comment_status":"closed","ping_status":"closed","template":"","meta":{"_crdt_document":"","inline_featured_image":false,"footnotes":""},"class_list":["post-1517","page","type-page","status-publish","hentry"],"_links":{"self":[{"href":"https:\/\/mediation.eveha.fr\/index.php\/wp-json\/wp\/v2\/pages\/1517","targetHints":{"allow":["GET"]}}],"collection":[{"href":"https:\/\/mediation.eveha.fr\/index.php\/wp-json\/wp\/v2\/pages"}],"about":[{"href":"https:\/\/mediation.eveha.fr\/index.php\/wp-json\/wp\/v2\/types\/page"}],"author":[{"embeddable":true,"href":"https:\/\/mediation.eveha.fr\/index.php\/wp-json\/wp\/v2\/users\/6"}],"replies":[{"embeddable":true,"href":"https:\/\/mediation.eveha.fr\/index.php\/wp-json\/wp\/v2\/comments?post=1517"}],"version-history":[{"count":47,"href":"https:\/\/mediation.eveha.fr\/index.php\/wp-json\/wp\/v2\/pages\/1517\/revisions"}],"predecessor-version":[{"id":3913,"href":"https:\/\/mediation.eveha.fr\/index.php\/wp-json\/wp\/v2\/pages\/1517\/revisions\/3913"}],"wp:attachment":[{"href":"https:\/\/mediation.eveha.fr\/index.php\/wp-json\/wp\/v2\/media?parent=1517"}],"curies":[{"name":"wp","href":"https:\/\/api.w.org\/{rel}","templated":true}]}}

<p class="has-text-align-center has-small-font-size wp-block-paragraph"><strong>Fort de son expérience et de son expertise dans le domaine de la médiation scientifique</strong>, Éveha crée, réalise et met en place <strong>de nombreux ateliers pédagogiques </strong>spécialement conçus pour s’adresser aux grands comme aux plus petits. <strong>Ludiques, didactiques et interactifs,</strong> tous nos supports de médiation ont été développés dans l&rsquo;optique <strong>de transmettre et de valoriser les métiers de l&rsquo;archéologie auprès du plus grand nombre. </strong></p>



<div style="height:45px" aria-hidden="true" class="wp-block-spacer"></div>



<div class="wp-block-group alignfull has-background has-global-padding is-layout-constrained wp-container-core-group-is-layout-0bfb1aff wp-block-group-is-layout-constrained" style="background:linear-gradient(180deg,rgb(120,135,75) 0%,rgb(89,103,49) 99%);padding-top:var(--wp--preset--spacing--30);padding-bottom:var(--wp--preset--spacing--30)">
<div class="wp-block-columns is-layout-flex wp-container-core-columns-is-layout-b91472e3 wp-block-columns-is-layout-flex">
<div class="wp-block-column is-vertically-aligned-center is-layout-flow wp-container-core-column-is-layout-ac79ae75 wp-block-column-is-layout-flow">
<h2 class="wp-block-heading has-base-color has-text-color has-link-color has-large-font-size wp-elements-6088d2808f483904258994052010d157"><strong>Les métiers de l&rsquo;archéologie accessibles de 7 ans&#8230;</strong></h2>



<p class="has-base-color has-text-color has-link-color has-small-font-size wp-elements-a67bf297d4e0c50e9f78664352bad58c wp-block-paragraph"><strong>Nos ateliers à destination des scolaires </strong>sont réalisés hors ou au sein des établissements (écoles primaires, collèges, lycées), lors d&rsquo;évènements particuliers (JEA, JEP, Fête de la Science, Journées porte-ouverte, etc.), ponctuellement ou tout au long de l&rsquo;année scolaire sous la forme de projets pédagogiques.</p>
</div>



<div class="wp-block-column has-small-font-size is-layout-flow wp-container-core-column-is-layout-cc4dccc0 wp-block-column-is-layout-flow" style="padding-top:0;padding-right:0;padding-bottom:0;padding-left:0">
<ul class="wp-block-list has-base-color has-text-color has-link-color has-small-font-size wp-elements-6211435269587bfa4f52f87b46c724eb">
<li><strong>Initiation à l&rsquo;archéologie préventive</strong></li>



<li><strong>Initiation à l&rsquo;archéologie funéraire</strong></li>



<li><strong>Initiation et découverte des spécialistes de l&rsquo;archéologie (céramologue, carpologue, anthropologue, anthracologue, archéozoologue, dendrochronologue, spécialiste des enduits peints, etc.)</strong></li>



<li><strong>Initiations méthodologique et technique (fouille, dessin technique, prises de vues, fiches d&rsquo;enregistrement, etc.)</strong></li>



<li><strong>Découverte du mobilier archéologique (tri, conditionnement, traitement, identification, inventaire, etc.)</strong></li>



<li><strong>Découverte de l&rsquo;archéologie subaquatique</strong></li>



<li><strong>Sensibilisation au pillage des sites archéologiques et au trafic d’œuvres d&rsquo;art (projet européen PITCHER)</strong></li>



<li><strong>Découverte du patrimoine local (visites guidées sur site)</strong></li>



<li><strong>«&nbsp;Junior » conférences</strong></li>
</ul>
</div>
</div>
</div>



<div class="wp-block-group alignfull has-base-background-color has-background has-global-padding is-layout-constrained wp-container-core-group-is-layout-97e12f25 wp-block-group-is-layout-constrained" style="margin-top:0;margin-bottom:0;padding-top:var(--wp--preset--spacing--30);padding-bottom:var(--wp--preset--spacing--30)">
<div class="wp-block-columns is-layout-flex wp-container-core-columns-is-layout-b91472e3 wp-block-columns-is-layout-flex">
<div class="wp-block-column is-vertically-aligned-center is-layout-flow wp-container-core-column-is-layout-ac79ae75 wp-block-column-is-layout-flow">
<h2 class="wp-block-heading has-text-align-left has-large-font-size"><strong>&#8230; à 77 ans&#8230; et plus !</strong></h2>



<p class="has-text-align-left has-small-font-size wp-block-paragraph"><strong>Nos ateliers à destination du grand public</strong> sont réalisés tout au long de l&rsquo;année sur site ou dans des lieux dédiés (musées, médiathèques, salles communales) lors d&rsquo;évènements particuliers (JEA, JEP, Journées portes ouvertes sur nos sites, etc.).</p>
</div>



<div class="wp-block-column is-layout-flow wp-block-column-is-layout-flow">
<ul class="wp-block-list has-small-font-size">
<li><strong>Découverte de l&rsquo;archéologie préventive</strong></li>



<li><strong>Découverte de l&rsquo;archéologie subaquatique et sous-marine</strong></li>



<li><strong>Découverte de la fouille en milieu confiné (puits, souterrains, etc.)</strong></li>



<li><strong>Visites guidées sur site</strong></li>



<li><strong>Expositions (panneaux, dépliants, mobilier, photographies, vidéos, etc.)</strong></li>



<li><strong>Sentiers d&rsquo;interprétation</strong></li>



<li><strong>Conférences </strong></li>
</ul>
</div>
</div>
</div>



<p class="wp-block-paragraph"></p>

<p>Fort de son expérience et de son expertise dans le domaine de la médiation scientifique, Éveha crée, réalise et met en place de nombreux ateliers pédagogiques spécialement conçus pour s’adresser aux grands comme aux plus petits. Ludiques, didactiques et interactifs, tous nos supports de médiation ont été développés dans l&rsquo;optique de transmettre et de valoriser [&hellip;]</p>
